{"id":641,"date":"2025-04-30T14:24:06","date_gmt":"2025-04-30T14:24:06","guid":{"rendered":"https:\/\/www.villa-noela.com\/?page_id=641"},"modified":"2026-01-10T09:39:35","modified_gmt":"2026-01-10T09:39:35","slug":"cijene","status":"publish","type":"page","link":"https:\/\/www.villa-noela.com\/?page_id=641","title":{"rendered":"Cijene"},"content":{"rendered":"\n<h4 class=\"wp-block-heading\">Cijene<\/h4>\n\n\n\n<figure class=\"wp-block-table\"><table class=\"has-fixed-layout\"><tbody><tr><td><strong>Apartman 1<\/strong><\/td><td><strong>1. 7. &#8211; 31. 8.<\/strong><\/td><td><strong>1. 5. &#8211; 30. 6. \/ 1. 9. &#8211; 30.9.<\/strong><\/td><\/tr><tr><td><strong>2 osobe<\/strong><\/td><td>&nbsp;75 \u20ac na dan<\/td><td>&nbsp;55 \u20ac na dan<\/td><\/tr><tr><td><strong>3 osobe* (na upit)<\/strong><\/td><td>&nbsp;90 \u20ac na dan<\/td><td>&nbsp;70 \u20ac na dan<\/td><\/tr><tr><td><strong>****<\/strong><\/td><td>&nbsp;<\/td><td>&nbsp;<\/td><\/tr><\/tbody><\/table><\/figure>\n\n\n\n<figure class=\"wp-block-table\"><table class=\"has-fixed-layout\"><tbody><tr><td><strong>Apartman 2<\/strong><\/td><td><strong>1. 7. &#8211; 31. 8.<\/strong><\/td><td><strong>1. 5. &#8211; 30.6. \/ 1. 9. &#8211; 30.9.<\/strong><\/td><\/tr><tr><td><strong>3 osobe<\/strong><\/td><td>&nbsp;90 \u20ac na dan<\/td><td>&nbsp; 70 \u20ac na dan<\/td><\/tr><tr><td><strong>4 osobe<\/strong><\/td><td>115 \u20ac na dan<\/td><td>&nbsp; 90 \u20ac na dan<\/td><\/tr><tr><td><strong>*****&nbsp;&nbsp;&nbsp;&nbsp;&nbsp;&nbsp;&nbsp;&nbsp;&nbsp;&nbsp;&nbsp;&nbsp;&nbsp;&nbsp;&nbsp;&nbsp;&nbsp;&nbsp;&nbsp;&nbsp;&nbsp;&nbsp;<\/strong><\/td><td>&nbsp;<\/td><td>&nbsp;<\/td><\/tr><\/tbody><\/table><\/figure>\n\n\n\n<figure class=\"wp-block-table\"><table class=\"has-fixed-layout\"><tbody><tr><td><strong>Apartman 3<\/strong><\/td><td><strong>1. 7. &#8211; 31. 8.<\/strong><\/td><td><strong>1. 5. &#8211; 30.6. \/ 1. 9. &#8211; 30. 9.<\/strong><\/td><\/tr><tr><td><strong>6 osoba<\/strong><\/td><td>190 \u20ac na dan<\/td><td>&nbsp;150 \u20ac na dan<\/td><\/tr><tr><td><strong>7 osoba<\/strong><\/td><td>215 \u20ac na dan<\/td><td>&nbsp;175 \u20ac na dan<\/td><\/tr><tr><td><strong>8 osoba<\/strong><\/td><td>240 \u20ac na dan<\/td><td>&nbsp;200 \u20ac na dan<\/td><\/tr><tr><td>&nbsp;<\/td><td>&nbsp;<\/td><td>&nbsp;<\/td><\/tr><\/tbody><\/table><\/figure>\n\n\n\n<p><strong>&#8211;<\/strong>Boravak kra\u0107i od <strong>4<\/strong> no\u0107i napla\u0107uje se <strong>+30%<\/strong>.<\/p>\n\n\n\n<p><strong>-Na po\u010detku boravka napla\u0107uje se kaucija od&nbsp; 100 \u20ac za svaki apartman. Kaucija ne\u0107e biti vra\u0107ena na odlasku ako se u apartmanu pojave o\u0161te\u0107enja ili ako apartman bude osobito prljav i neuredan.<\/strong><\/p>\n","protected":false},"excerpt":{"rendered":"<p>Cijene Apartman 1 1. 7. &#8211; 31. 8. 1. 5. &#8211; 30. 6. \/ 1. 9. &#8211; 30.9. 2 osobe &nbsp;75 \u20ac na dan &nbsp;55 \u20ac na dan 3 osobe* (na upit) &nbsp;90 \u20ac na dan &nbsp;70 \u20ac na dan **** &nbsp; &nbsp; Apartman 2 1. 7. &#8211; 31. 8. [&hellip;]<\/p>\n","protected":false},"author":1,"featured_media":0,"parent":0,"menu_order":0,"comment_status":"closed","ping_status":"closed","template":"","meta":{"_themeisle_gutenberg_block_has_review":false,"_kadence_starter_templates_imported_post":false,"footnotes":""},"class_list":["post-641","page","type-page","status-publish","hentry"],"_links":{"self":[{"href":"https:\/\/www.villa-noela.com\/index.php?rest_route=\/wp\/v2\/pages\/641","targetHints":{"allow":["GET"]}}],"collection":[{"href":"https:\/\/www.villa-noela.com\/index.php?rest_route=\/wp\/v2\/pages"}],"about":[{"href":"https:\/\/www.villa-noela.com\/index.php?rest_route=\/wp\/v2\/types\/page"}],"author":[{"embeddable":true,"href":"https:\/\/www.villa-noela.com\/index.php?rest_route=\/wp\/v2\/users\/1"}],"replies":[{"embeddable":true,"href":"https:\/\/www.villa-noela.com\/index.php?rest_route=%2Fwp%2Fv2%2Fcomments&post=641"}],"version-history":[{"count":3,"href":"https:\/\/www.villa-noela.com\/index.php?rest_route=\/wp\/v2\/pages\/641\/revisions"}],"predecessor-version":[{"id":1216,"href":"https:\/\/www.villa-noela.com\/index.php?rest_route=\/wp\/v2\/pages\/641\/revisions\/1216"}],"wp:attachment":[{"href":"https:\/\/www.villa-noela.com\/index.php?rest_route=%2Fwp%2Fv2%2Fmedia&parent=641"}],"curies":[{"name":"wp","href":"https:\/\/api.w.org\/{rel}","templated":true}]}}