{"id":98,"date":"2011-11-17T18:13:30","date_gmt":"2011-11-17T18:13:30","guid":{"rendered":"http:\/\/www.villa-noela.com\/?page_id=98"},"modified":"2015-11-02T12:08:30","modified_gmt":"2015-11-02T12:08:30","slug":"home","status":"publish","type":"page","link":"http:\/\/www.villa-noela.com\/?page_id=98","title":{"rendered":"<!--:HR-->Po\u010detna<!--:--><!--:en-->Home<!--:--><!--:de-->Home<!--:--><!--:it-->Home<!--:-->"},"content":{"rendered":"<p><!--:HR--><img fetchpriority=\"high\" decoding=\"async\" class=\"alignnone size-full wp-image-100\" title=\"Home\" src=\"http:\/\/www.villa-noela.com\/wp-content\/uploads\/2011\/11\/Home.jpg\" alt=\"\" width=\"800\" height=\"379\" srcset=\"http:\/\/www.villa-noela.com\/wp-content\/uploads\/2011\/11\/Home.jpg 800w, http:\/\/www.villa-noela.com\/wp-content\/uploads\/2011\/11\/Home-300x142.jpg 300w\" sizes=\"(max-width: 800px) 100vw, 800px\" \/><\/p>\n<h4>Villa Noela<\/h4>\n<p>Na\u0161a je ku\u0107a smje\u0161tena u naselju Gregovica, tik do centra grada Pule. Do staroga grada mo\u017eete sti\u0107i pje\u0161ice u 10-15 minuta. Ku\u0107a se nalazi u novom mirnom naselju, u kojem prevladavaju obiteljske ku\u0107e s vrtovima.<\/p>\n<h4><span style=\"color: #008000;\"><a href=\"https:\/\/youtu.be\/D1MWSgWnGQE\" target=\"_blank\"><span style=\"color: #008000;\">\u00a03D Villa Noela<\/span><\/a><\/span><\/h4>\n<p>&nbsp;<\/p>\n<table class=\"easy-table-creator tablesorter\" style=\"width: 100%;\">\n<tbody>\n<tr>\n<td>\n<p style=\"text-align: left;\"><strong>Udaljenosti:<\/strong><\/p>\n<p style=\"text-align: left;\">market &#8211; <strong>300 m<\/strong><\/p>\n<p style=\"text-align: left;\">zra\u010dna luka &#8211; <strong>6 km<\/strong><\/p>\n<p style=\"text-align: left;\">centar grada &#8211; <strong>1 km<\/strong><\/p>\n<p style=\"text-align: left;\">banka &#8211; <strong>1 km<\/strong><\/p>\n<p style=\"text-align: left;\">more &#8211; <strong>3 km<\/strong><\/p>\n<p style=\"text-align: left;\">benzinska crpka &#8211; <strong>400 m<\/strong><\/p>\n<p style=\"text-align: left;\">ambulanta &#8211; <strong>1 km<\/strong><\/p>\n<\/td>\n<td>\n<p style=\"text-align: left;\"><strong>Opis:<\/strong><\/p>\n<p style=\"text-align: left;\">ogra\u0111eno ku\u0107no dvori\u0161te &#8211; <strong>da<\/strong><\/p>\n<p style=\"text-align: left;\">vlastiti parking <strong>&#8211; da<\/strong><\/p>\n<p style=\"text-align: left;\">upotreba vanjskog ro\u0161tilja &#8211; <strong>da<\/strong><\/p>\n<p style=\"text-align: left;\">bazen &#8211; <strong>da<\/strong><\/p>\n<p style=\"text-align: left;\">vanjski tu\u0161 &#8211; <strong>da<\/strong><\/p>\n<p style=\"text-align: left;\">prisutnost vlasnika u objektu &#8211; <strong>da<\/strong><\/p>\n<p style=\"text-align: left;\">prihva\u0107anje ku\u0107nih ljubimaca &#8211; <strong>ne<\/strong><\/p>\n<\/td>\n<\/tr>\n<\/tbody>\n<\/table>\n<p><!--:--><!--:en--><img fetchpriority=\"high\" decoding=\"async\" class=\"alignnone size-full wp-image-100\" title=\"Home\" src=\"http:\/\/www.villa-noela.com\/wp-content\/uploads\/2011\/11\/Home.jpg\" alt=\"\" width=\"800\" height=\"379\" srcset=\"http:\/\/www.villa-noela.com\/wp-content\/uploads\/2011\/11\/Home.jpg 800w, http:\/\/www.villa-noela.com\/wp-content\/uploads\/2011\/11\/Home-300x142.jpg 300w\" sizes=\"(max-width: 800px) 100vw, 800px\" \/><\/p>\n<h4>Villa Noela<\/h4>\n<p>Our house is located in Pula, close to the old town. You can reach the centre of town in 10-15 minutes on foot. The house is on the edge of a quiet residential area: most\u00a0 of the neighbours live in new family houses with gardens.<\/p>\n<h4><span style=\"color: #99cc00;\"><span style=\"color: #99cc00;\">\u00a0<a href=\"https:\/\/youtu.be\/D1MWSgWnGQE\" target=\"_blank\">3D Villa Noela<\/a><\/span><\/span><\/h4>\n<p>&nbsp;<\/p>\n<p>&nbsp;<\/p>\n<table class=\"easy-table-creator tablesorter\" style=\"width: 100%;\">\n<tbody>\n<tr>\n<td>\n<p style=\"text-align: left;\"><strong>Distance:<\/strong><\/p>\n<p style=\"text-align: left;\">shop &#8211; <strong>300 m<\/strong><\/p>\n<p style=\"text-align: left;\">airport &#8211; <strong>6 km<\/strong><\/p>\n<p style=\"text-align: left;\">centre of town &#8211; <strong>1 km<\/strong><\/p>\n<p style=\"text-align: left;\">bank &#8211; <strong>1 km<\/strong><\/p>\n<p style=\"text-align: left;\">sea &#8211; <strong>3 km<\/strong><\/p>\n<p style=\"text-align: left;\">petrol station &#8211; <strong>400 m<\/strong><\/p>\n<p style=\"text-align: left;\">hospital &#8211; <strong>1 km<\/strong><\/p>\n<\/td>\n<td>\n<p style=\"text-align: left;\"><strong>Description:<\/strong><\/p>\n<p style=\"text-align: left;\">enclosed garden &#8211; <strong>yes<\/strong><\/p>\n<p style=\"text-align: left;\">parking lot <strong>&#8211; yes<\/strong><\/p>\n<p style=\"text-align: left;\">open-air BBQ &#8211; <strong>yes<\/strong><\/p>\n<p style=\"text-align: left;\">swimming pool &#8211; <strong>yes<\/strong><\/p>\n<p style=\"text-align: left;\">open-air shower &#8211; <strong>yes<\/strong><\/p>\n<p style=\"text-align: left;\">presence of the owner &#8211; <strong>yes<\/strong><\/p>\n<p style=\"text-align: left;\">D Villa Noelapets allowed &#8211; <strong>no<\/strong><\/p>\n<\/td>\n<\/tr>\n<\/tbody>\n<\/table>\n<p><!--:--><!--:de--><img fetchpriority=\"high\" decoding=\"async\" class=\"alignnone size-full wp-image-100\" title=\"Home\" src=\"http:\/\/www.villa-noela.com\/wp-content\/uploads\/2011\/11\/Home.jpg\" alt=\"\" width=\"800\" height=\"379\" srcset=\"http:\/\/www.villa-noela.com\/wp-content\/uploads\/2011\/11\/Home.jpg 800w, http:\/\/www.villa-noela.com\/wp-content\/uploads\/2011\/11\/Home-300x142.jpg 300w\" sizes=\"(max-width: 800px) 100vw, 800px\" \/><\/p>\n<h4>Villa Noela<\/h4>\n<p>Unser Haus befindet sich in Pula, in der N\u00e4he der Altstadt. Ins Zentrum sind es nur 10-15 Gehminuten. Das Haus liegt in einem ruhigen Wohngebiet, in dem neue H\u00e4user mit Garten \u00fcberwiegen.<\/p>\n<h4><span style=\"color: #008000;\"><a href=\"https:\/\/youtu.be\/D1MWSgWnGQE\" target=\"_blank\"><span style=\"color: #008000;\">3D Villa Noela<\/span><\/a><\/span><\/h4>\n<p>&nbsp;<\/p>\n<table class=\"easy-table-creator tablesorter\" style=\"width: 100%;\">\n<tbody>\n<tr>\n<td>\n<p style=\"text-align: left;\"><strong>Entfernung:<\/strong><\/p>\n<p style=\"text-align: left;\">Supermarkt &#8211; <strong>300 m<\/strong><\/p>\n<p style=\"text-align: left;\">Flughafen &#8211; <strong>6 km<\/strong><\/p>\n<p style=\"text-align: left;\">Stadtzentrum &#8211; <strong>1 km<\/strong><\/p>\n<p style=\"text-align: left;\">Bank &#8211; <strong>1 km<\/strong><\/p>\n<p style=\"text-align: left;\">Meer &#8211; <strong>3 km<\/strong><\/p>\n<p style=\"text-align: left;\">Tankstelle &#8211; <strong>400 m<\/strong><\/p>\n<p style=\"text-align: left;\">Krankenhaus &#8211; <strong>1 km<\/strong><\/p>\n<\/td>\n<td>\n<p style=\"text-align: left;\"><strong>Beschreibung:<\/strong><\/p>\n<p style=\"text-align: left;\">geschlossener Hof &#8211; <strong>ja<\/strong><\/p>\n<p style=\"text-align: left;\">eigener Parkplatz <strong>&#8211; ja<\/strong><\/p>\n<p style=\"text-align: left;\">Grill im Freien &#8211; <strong>ja<\/strong><\/p>\n<p style=\"text-align: left;\">Schwimmbad &#8211; <strong>ja<\/strong><\/p>\n<p style=\"text-align: left;\">Dusche im Freien &#8211; <strong>ja<\/strong><\/p>\n<p style=\"text-align: left;\">Besitzer wohnt im Haus &#8211; <strong>ja<\/strong><\/p>\n<p style=\"text-align: left;\">Haustiere erlaubt &#8211; <strong>nein<\/strong><\/p>\n<\/td>\n<\/tr>\n<\/tbody>\n<\/table>\n<p><!--:--><!--:it--><img fetchpriority=\"high\" decoding=\"async\" class=\"alignnone size-full wp-image-100\" title=\"Home\" src=\"http:\/\/www.villa-noela.com\/wp-content\/uploads\/2011\/11\/Home.jpg\" alt=\"\" width=\"800\" height=\"379\" srcset=\"http:\/\/www.villa-noela.com\/wp-content\/uploads\/2011\/11\/Home.jpg 800w, http:\/\/www.villa-noela.com\/wp-content\/uploads\/2011\/11\/Home-300x142.jpg 300w\" sizes=\"(max-width: 800px) 100vw, 800px\" \/><\/p>\n<h4>Villa Noela<\/h4>\n<p>La nostra casa si trova poco distante dal centro della citt\u00e0 di Pola, raggiungibile facilmente a piedi in 10-15 minuti. La casa si trova in una tranquilla zona residenziale, nella quale prevalgono nuove case familiari con giardino.<\/p>\n<h4><span style=\"color: #008000;\"><a href=\"https:\/\/youtu.be\/D1MWSgWnGQE\" target=\"_blank\"><span style=\"color: #008000;\">\u00a03D Villa Noela<\/span><\/a><\/span><\/h4>\n<p>&nbsp;<\/p>\n<table class=\"easy-table-creator tablesorter\" style=\"width: 100%;\">\n<tbody>\n<tr>\n<td>\n<p style=\"text-align: left;\"><strong>Distanze:<\/strong><\/p>\n<p style=\"text-align: left;\">supermercato &#8211; <strong>300 m<\/strong><\/p>\n<p style=\"text-align: left;\">aeroporto &#8211; <strong>6 km<\/strong><\/p>\n<p style=\"text-align: left;\">centro citt\u00e0 &#8211; <strong>1 km<\/strong><\/p>\n<p style=\"text-align: left;\">banca &#8211; <strong>1 km<\/strong><\/p>\n<p style=\"text-align: left;\">mare &#8211; <strong>3 km<\/strong><\/p>\n<p style=\"text-align: left;\">distributore di benzina &#8211; <strong>400 m<\/strong><\/p>\n<p style=\"text-align: left;\">ambulatorio &#8211; <strong>1 km<\/strong><\/p>\n<\/td>\n<td>\n<p style=\"text-align: left;\"><strong>Descrizione:<\/strong><\/p>\n<p style=\"text-align: left;\">cortile chiuso &#8211; <strong>s\u00ec<\/strong><\/p>\n<p style=\"text-align: left;\">proprio parcheggio <strong>&#8211; s\u00ec<\/strong><\/p>\n<p style=\"text-align: left;\">uso di grill esterno &#8211; <strong>s\u00ec<\/strong><\/p>\n<p style=\"text-align: left;\">piscina &#8211; <strong>s\u00ec<\/strong><\/p>\n<p style=\"text-align: left;\">doccia esterna &#8211; <strong>s\u00ec<\/strong><\/p>\n<p style=\"text-align: left;\">presenza del proprietario &#8211; <strong>s\u00ec<\/strong><\/p>\n<p style=\"text-align: left;\">permessi animali domestici &#8211; <strong>no<\/strong><\/p>\n<\/td>\n<\/tr>\n<\/tbody>\n<\/table>\n<p><!--:--><\/p>\n","protected":false},"excerpt":{"rendered":"<p>Villa Noela Na\u0161a je ku\u0107a smje\u0161tena u naselju Gregovica, tik do centra grada Pule. Do staroga grada mo\u017eete sti\u0107i pje\u0161ice u 10-15 minuta. Ku\u0107a se nalazi u novom mirnom naselju, u kojem prevladavaju obiteljske ku\u0107e s vrtovima. \u00a03D Villa Noela &nbsp; Udaljenosti: market &#8211; 300 m zra\u010dna luka &#8211; 6 [&hellip;]<\/p>\n","protected":false},"author":1,"featured_media":0,"parent":0,"menu_order":0,"comment_status":"closed","ping_status":"open","template":"","meta":{"_themeisle_gutenberg_block_has_review":false,"_kadence_starter_templates_imported_post":false,"footnotes":""},"class_list":["post-98","page","type-page","status-publish","hentry"],"_links":{"self":[{"href":"http:\/\/www.villa-noela.com\/index.php?rest_route=\/wp\/v2\/pages\/98","targetHints":{"allow":["GET"]}}],"collection":[{"href":"http:\/\/www.villa-noela.com\/index.php?rest_route=\/wp\/v2\/pages"}],"about":[{"href":"http:\/\/www.villa-noela.com\/index.php?rest_route=\/wp\/v2\/types\/page"}],"author":[{"embeddable":true,"href":"http:\/\/www.villa-noela.com\/index.php?rest_route=\/wp\/v2\/users\/1"}],"replies":[{"embeddable":true,"href":"http:\/\/www.villa-noela.com\/index.php?rest_route=%2Fwp%2Fv2%2Fcomments&post=98"}],"version-history":[{"count":37,"href":"http:\/\/www.villa-noela.com\/index.php?rest_route=\/wp\/v2\/pages\/98\/revisions"}],"predecessor-version":[{"id":390,"href":"http:\/\/www.villa-noela.com\/index.php?rest_route=\/wp\/v2\/pages\/98\/revisions\/390"}],"wp:attachment":[{"href":"http:\/\/www.villa-noela.com\/index.php?rest_route=%2Fwp%2Fv2%2Fmedia&parent=98"}],"curies":[{"name":"wp","href":"https:\/\/api.w.org\/{rel}","templated":true}]}}